f 134382195?
3
What is the units digit of 787989715?
5
What is the ten thousands digit of 28270590?
7
What is the hundred millions digit of 231537357?
2
What is the hundred thousands digit of 73754084?
7
What is the hundred thousands digit of 182916801?
9
What is the units digit of 3162312798?
8
What is the units digit of 960864421?
1
What is the units digit of 10102324?
4
What is the millions digit of 57488775?
7
What is the units digit of 814847134?
4
What is the hundred millions digit of 650420788?
6
What is the units digit of 352782899?
9
What is the tens digit of 278865?
6
What is the hundred millions digit of 146410578?
1
What is the hundred millions digit of 5335153989?
3
What is the thousands digit of 437014980?
4
What is the ten millions digit of 2723718595?
2
What is the units digit of 52121185?
5
What is the hundred millions digit of 569359869?
5
What is the units digit of 47461962?
2
What is the ten thousands digit of 362281735?
8
What is the ten millions digit of 439987899?
3
What is the ten millions digit of 83428588?
8
What is the millions digit of 68144382?
8
What is the ten thousands digit of 126633316?
3
What is the ten thousands digit of 45213048?
1
What is the tens digit of 17706171?
7
What is the ten millions digit of 25822222?
2
What is the ten millions digit of 302542299?
0
What is the hundred thousands digit of 27765418?
7
What is the thousands digit of 1726359336?
9
What is the units digit of 57606475?
5
What is the hundred thousands digit of 228698873?
6
What is the hundred thousands digit of 3829516?
8
What is the tens digit of 127153904?
0
What is the ten thousands digit of 1642301293?
0
What is the thousands digit of 141950127?
0
What is the millions digit of 24352415?
4
What is the thousands digit of 4282044?
2
What is the ten thousands digit of 5408576586?
7
What is the thousands digit of 1798951880?
1
What is the tens digit of 574398031?
3
What is the millions digit of 3187675163?
7
What is the millions digit of 45913881?
5
What is the hundred millions digit of 100182502?
1
What is the thousands digit of 2515912534?
2
What is the hundreds digit of 154575757?
7
What is the thousands digit of 1206007953?
7
What is the tens digit of 256342857?
5
What is the hundred thousands digit of 15418477?
4
What is the units digit of 46773136?
6
What is the millions digit of 161404826?
1
What is the hundreds digit of 40757618?
6
What is the hundreds digit of 6675594?
5
What is the units digit of 65618791?
1
What is the millions digit of 32738396?
2
What is the ten millions digit of 457734428?
5
What is the tens digit of 42581116?
1
What is the millions digit of 14627510?
4
What is the thousands digit of 1043966374?
6
What is the hundred thousands digit of 1793107753?
1
What is the units digit of 29825654?
4
What is the millions digit of 705615184?
5
What is the tens digit of 1501859751?
5
What is the thousands digit of 2490490126?
0
What is the ten thousands digit of 75485763?
8
What is the ten millions digit of 968946365?
6
What is the ten millions digit of 20300019?
2
What is the millions digit of 1626723943?
6
What is the ten thousands digit of 429427888?
2
What is the hundreds digit of 161864113?
1
What is the thousands digit of 54312565?
2
What is the ten millions digit of 2987547274?
8
What is the ten thousands digit of 54921154?
2
What is the hundreds digit of 62168966?
9
What is the hundred thousands digit of 2648992534?
9
What is the tens digit of 227873430?
3
What is the hundred millions digit of 1394379334?
3
What is the thousands digit of 2170347833?
7
What is the tens digit of 290309049?
4
What is the ten millions digit of 986192860?
8
What is the billions digit of 3732415101?
3
What is the hundreds digit of 73392714?
7
What is the units digit of 1878188932?
2
What is the millions digit of 8237649?
8
What is the ten thousands digit of 1143592139?
9
What is the units digit of 305372056?
6
What is the thousands digit of 1608887955?
7
What is the thousands digit of 377364679?
4
What is the billions digit of 2256886599?
2
What is the hundred thousands digit of 217964795?
9
What is the hundred thousands digit of 15799863?
7
What is the ten millions digit of 53815894?
5
What is the thousands digit of 1364335657?
5
What is the units digit of 274566862?
2
What is the hundred thousands digit of 719307906?
3
What is the millions digit of 2349036574?
9
What is the hundreds digit of 3823954152?
1
What is the ten thousands digit of 54965794?
6
What is the thousands digit of 272706170?
6
What is the ten thousands digit of 110752526?
5
What is the millions digit of 2752904348?
2
What is the ten thousands digit of 1169579289?
7
What is the hundred thousands digit of 30257570?
2
What is the millions digit of 28008337?
8
What is the tens digit of 161521297?
9
What is the thousands digit of 206640910?
0
What is the hundred thousands digit of 71864861?
8
What is the tens digit of 63222438?
3
What is the ten millions digit of 34044428?
3
What is the hundred thousands digit of 40829452?
8
What is the millions digit of 75499751?
5
What is the millions digit of 65843511?
5
What is the hundreds digit of 305752919?
9
What is the thousands digit of 17805671?
5
What is the ten thousands digit of 19042171?
4
What is the ten thousands digit of 1003339103?
3
What is the units digit of 2608355694?
4
What is the ten thousands digit of 22625414?
2
What is the tens digit of 401461838?
3
What is the millions digit of 3094674218?
4
What is the hundreds digit of 35972815?
8
What is the hundred millions digit of 1244977138?
2
What is the ten thousands digit of 88496831?
9
What is the millions digit of 1159868015?
9
What is the hundreds digit of 219749133?
1
What is the ten millions digit of 71557480?
7
What is the hundred thousands digit of 3425989010?
9
What is the hundred thousands digit of 137048264?
0
What is the millions digit of 775789613?
5
What is the hundreds digit of 5368204?
2
What is the hundred thousands digit of 1347158391?
1
What is the hundred thousands digit of 165202984?
2
What is the hundreds digit of 64602838?
8
What is the thousands digit of 108894636?
4
What is the hundred thousands digit of 627843472?
8
What is the ten thousands digit of 7088360126?
6
What is the millions digit of 43526221?
3
What is the millions digit of 53964002?
3
What is the tens digit of 97128981?
8
What is the hundreds digit of 255752897?
8
What is the thousands digit of 1077345322?
5
What is the ten thousands digit of 281172237?
7
What is the hundred thousands digit of 644121141?
1
What is the millions digit of 20946414?
0
What is the ten millions digit of 37376561?
3
What is the tens digit of 164902344?
4
What is the millions digit of 133578199?
3
What is the ten millions digit of 452801051?
5
What is the hundreds digit of 5003307092?
0
What is the billions digit of 1667189741?
1
What is the ten thousands digit of 2108737287?
3
What is the units digit of 39221696?
6
What is the units digit of 24327857?
7
What is the ten thousands digit of 6445828?
4
What is the units digit of 285943111?
1
What is the hundreds digit of 278450743?
7
What is the millions digit of 321289661?
1
What is the ten millions digit of 320696098?
2
What is the hundreds digit of 52082480?
4
What is the thousands digit of 303965856?
5
What is the ten thousands digit of 783695907?
9
What is the ten thousands digit of 45815327?
1
What is the thousands digit of 507523628?
3
What is the tens digit of 5990073036?
3
What is the ten millions digit of 250040293?
5
What is the tens digit of 1503377508?
0
What is the units digit of 547028454?
4
What is the millions digit of 6847620246?
7
What is the hundreds digit of 35248853?
8
What is the ten thousands digit of 222759203?
5
What is the hundreds digit of 71730180?
1
What is the ten millions digit of 338046606?
3
What is the ten millions digit of 2146125019?
4
What is the ten thousands digit of 134237025?
3
What is the hundred thousands digit of 18105975?
1
What is the tens digit of 47362019?
1
What is the tens digit of 9060959?
5
What is the units digit of 513025789?
9
What is the thousands digit of 4634824421?
4
What is the millions digit of 566845021?
6
What is the ten millions digit of 1791080309?
9
What is the tens digit of 854238040?
4